{"id":1751,"date":"2024-09-17T09:00:08","date_gmt":"2024-09-17T12:00:08","guid":{"rendered":"https:\/\/www.salaodesign.com.br\/es\/?post_type=slider&#038;p=1751"},"modified":"2024-09-23T11:19:04","modified_gmt":"2024-09-23T14:19:04","slug":"finalistas-de-la-primera-fase-del-premio-salao-de-diseno-2025","status":"publish","type":"slider","link":"https:\/\/www.salaodesign.com.br\/es\/slider\/finalistas-de-la-primera-fase-del-premio-salao-de-diseno-2025\/","title":{"rendered":"Finalistas de la Primera Fase del Premio Sal\u00e3o de Dise\u00f1o 2025"},"content":{"rendered":"","protected":false},"featured_media":0,"template":"","meta":{"_links_to":"","_links_to_target":""},"class_list":["post-1751","slider","type-slider","status-publish","hentry"],"yoast_head":"<!-- This site is optimized with the Yoast SEO plugin v28.3 - https:\/\/yoast.com\/product\/yoast-seo-wordpress\/ -->\n<title>Finalistas de la Primera Fase del Premio Sal\u00e3o de Dise\u00f1o 2025 - Sal\u00e3o Design<\/title>\n<meta name=\"description\" content=\"Ya concluy\u00f3 la primera fase de evaluaci\u00f3n del Premio Brasile\u00f1o de Dise\u00f1o de Mobiliario, que involucra an\u00e1lisis t\u00e9cnico-funcional. En total, fueron seleccionados 103 productos en las categor\u00edas Estudiante y Profesional, cubriendo las cinco categor\u00edas que propone el Premio Sal\u00e3o de Dise\u00f1o. \u00a1Mira los productos finalistas ahora!\" \/>\n<meta name=\"robots\" content=\"index, follow, max-snippet:-1, max-image-preview:large, max-video-preview:-1\" \/>\n<link rel=\"canonical\" href=\"https:\/\/www.salaodesign.com.br\/es\/slider\/finalistas-de-la-primera-fase-del-premio-salao-de-diseno-2025\/\" \/>\n<meta property=\"og:locale\" content=\"es_ES\" \/>\n<meta property=\"og:type\" content=\"article\" \/>\n<meta property=\"og:title\" content=\"Finalistas de la Primera Fase del Premio Sal\u00e3o de Dise\u00f1o 2025 - Sal\u00e3o Design\" \/>\n<meta property=\"og:description\" content=\"Ya concluy\u00f3 la primera fase de evaluaci\u00f3n del Premio Brasile\u00f1o de Dise\u00f1o de Mobiliario, que involucra an\u00e1lisis t\u00e9cnico-funcional. En total, fueron seleccionados 103 productos en las categor\u00edas Estudiante y Profesional, cubriendo las cinco categor\u00edas que propone el Premio Sal\u00e3o de Dise\u00f1o. \u00a1Mira los productos finalistas ahora!\" \/>\n<meta property=\"og:url\" content=\"https:\/\/www.salaodesign.com.br\/es\/slider\/finalistas-de-la-primera-fase-del-premio-salao-de-diseno-2025\/\" \/>\n<meta property=\"og:site_name\" content=\"Sal\u00e3o Design\" \/>\n<meta property=\"article:modified_time\" content=\"2024-09-23T14:19:04+00:00\" \/>\n<meta name=\"twitter:card\" content=\"summary_large_image\" \/>\n<script type=\"application\/ld+json\" class=\"yoast-schema-graph\">{\"@context\":\"https:\\\/\\\/schema.org\",\"@graph\":[{\"@type\":\"WebPage\",\"@id\":\"https:\\\/\\\/www.salaodesign.com.br\\\/es\\\/slider\\\/finalistas-de-la-primera-fase-del-premio-salao-de-diseno-2025\\\/\",\"url\":\"https:\\\/\\\/www.salaodesign.com.br\\\/es\\\/slider\\\/finalistas-de-la-primera-fase-del-premio-salao-de-diseno-2025\\\/\",\"name\":\"Finalistas de la Primera Fase del Premio Sal\u00e3o de Dise\u00f1o 2025 - Sal\u00e3o Design\",\"isPartOf\":{\"@id\":\"https:\\\/\\\/www.salaodesign.com.br\\\/es\\\/#website\"},\"datePublished\":\"2024-09-17T12:00:08+00:00\",\"dateModified\":\"2024-09-23T14:19:04+00:00\",\"description\":\"Ya concluy\u00f3 la primera fase de evaluaci\u00f3n del Premio Brasile\u00f1o de Dise\u00f1o de Mobiliario, que involucra an\u00e1lisis t\u00e9cnico-funcional. En total, fueron seleccionados 103 productos en las categor\u00edas Estudiante y Profesional, cubriendo las cinco categor\u00edas que propone el Premio Sal\u00e3o de Dise\u00f1o. \u00a1Mira los productos finalistas ahora!\",\"breadcrumb\":{\"@id\":\"https:\\\/\\\/www.salaodesign.com.br\\\/es\\\/slider\\\/finalistas-de-la-primera-fase-del-premio-salao-de-diseno-2025\\\/#breadcrumb\"},\"inLanguage\":\"es\",\"potentialAction\":[{\"@type\":\"ReadAction\",\"target\":[\"https:\\\/\\\/www.salaodesign.com.br\\\/es\\\/slider\\\/finalistas-de-la-primera-fase-del-premio-salao-de-diseno-2025\\\/\"]}]},{\"@type\":\"BreadcrumbList\",\"@id\":\"https:\\\/\\\/www.salaodesign.com.br\\\/es\\\/slider\\\/finalistas-de-la-primera-fase-del-premio-salao-de-diseno-2025\\\/#breadcrumb\",\"itemListElement\":[{\"@type\":\"ListItem\",\"position\":1,\"name\":\"In\u00edcio\",\"item\":\"https:\\\/\\\/www.salaodesign.com.br\\\/es\\\/\"},{\"@type\":\"ListItem\",\"position\":2,\"name\":\"Finalistas de la Primera Fase del Premio Sal\u00e3o de Dise\u00f1o 2025\"}]},{\"@type\":\"WebSite\",\"@id\":\"https:\\\/\\\/www.salaodesign.com.br\\\/es\\\/#website\",\"url\":\"https:\\\/\\\/www.salaodesign.com.br\\\/es\\\/\",\"name\":\"Sal\u00e3o Design\",\"description\":\"Sal\u00e3o Design\",\"potentialAction\":[{\"@type\":\"SearchAction\",\"target\":{\"@type\":\"EntryPoint\",\"urlTemplate\":\"https:\\\/\\\/www.salaodesign.com.br\\\/es\\\/?s={search_term_string}\"},\"query-input\":{\"@type\":\"PropertyValueSpecification\",\"valueRequired\":true,\"valueName\":\"search_term_string\"}}],\"inLanguage\":\"es\"}]}<\/script>\n<!-- \/ Yoast SEO plugin. -->","yoast_head_json":{"title":"Finalistas de la Primera Fase del Premio Sal\u00e3o de Dise\u00f1o 2025 - Sal\u00e3o Design","description":"Ya concluy\u00f3 la primera fase de evaluaci\u00f3n del Premio Brasile\u00f1o de Dise\u00f1o de Mobiliario, que involucra an\u00e1lisis t\u00e9cnico-funcional. En total, fueron seleccionados 103 productos en las categor\u00edas Estudiante y Profesional, cubriendo las cinco categor\u00edas que propone el Premio Sal\u00e3o de Dise\u00f1o. \u00a1Mira los productos finalistas ahora!","robots":{"index":"index","follow":"follow","max-snippet":"max-snippet:-1","max-image-preview":"max-image-preview:large","max-video-preview":"max-video-preview:-1"},"canonical":"https:\/\/www.salaodesign.com.br\/es\/slider\/finalistas-de-la-primera-fase-del-premio-salao-de-diseno-2025\/","og_locale":"es_ES","og_type":"article","og_title":"Finalistas de la Primera Fase del Premio Sal\u00e3o de Dise\u00f1o 2025 - Sal\u00e3o Design","og_description":"Ya concluy\u00f3 la primera fase de evaluaci\u00f3n del Premio Brasile\u00f1o de Dise\u00f1o de Mobiliario, que involucra an\u00e1lisis t\u00e9cnico-funcional. En total, fueron seleccionados 103 productos en las categor\u00edas Estudiante y Profesional, cubriendo las cinco categor\u00edas que propone el Premio Sal\u00e3o de Dise\u00f1o. \u00a1Mira los productos finalistas ahora!","og_url":"https:\/\/www.salaodesign.com.br\/es\/slider\/finalistas-de-la-primera-fase-del-premio-salao-de-diseno-2025\/","og_site_name":"Sal\u00e3o Design","article_modified_time":"2024-09-23T14:19:04+00:00","twitter_card":"summary_large_image","schema":{"@context":"https:\/\/schema.org","@graph":[{"@type":"WebPage","@id":"https:\/\/www.salaodesign.com.br\/es\/slider\/finalistas-de-la-primera-fase-del-premio-salao-de-diseno-2025\/","url":"https:\/\/www.salaodesign.com.br\/es\/slider\/finalistas-de-la-primera-fase-del-premio-salao-de-diseno-2025\/","name":"Finalistas de la Primera Fase del Premio Sal\u00e3o de Dise\u00f1o 2025 - Sal\u00e3o Design","isPartOf":{"@id":"https:\/\/www.salaodesign.com.br\/es\/#website"},"datePublished":"2024-09-17T12:00:08+00:00","dateModified":"2024-09-23T14:19:04+00:00","description":"Ya concluy\u00f3 la primera fase de evaluaci\u00f3n del Premio Brasile\u00f1o de Dise\u00f1o de Mobiliario, que involucra an\u00e1lisis t\u00e9cnico-funcional. En total, fueron seleccionados 103 productos en las categor\u00edas Estudiante y Profesional, cubriendo las cinco categor\u00edas que propone el Premio Sal\u00e3o de Dise\u00f1o. \u00a1Mira los productos finalistas ahora!","breadcrumb":{"@id":"https:\/\/www.salaodesign.com.br\/es\/slider\/finalistas-de-la-primera-fase-del-premio-salao-de-diseno-2025\/#breadcrumb"},"inLanguage":"es","potentialAction":[{"@type":"ReadAction","target":["https:\/\/www.salaodesign.com.br\/es\/slider\/finalistas-de-la-primera-fase-del-premio-salao-de-diseno-2025\/"]}]},{"@type":"BreadcrumbList","@id":"https:\/\/www.salaodesign.com.br\/es\/slider\/finalistas-de-la-primera-fase-del-premio-salao-de-diseno-2025\/#breadcrumb","itemListElement":[{"@type":"ListItem","position":1,"name":"In\u00edcio","item":"https:\/\/www.salaodesign.com.br\/es\/"},{"@type":"ListItem","position":2,"name":"Finalistas de la Primera Fase del Premio Sal\u00e3o de Dise\u00f1o 2025"}]},{"@type":"WebSite","@id":"https:\/\/www.salaodesign.com.br\/es\/#website","url":"https:\/\/www.salaodesign.com.br\/es\/","name":"Sal\u00e3o Design","description":"Sal\u00e3o Design","potentialAction":[{"@type":"SearchAction","target":{"@type":"EntryPoint","urlTemplate":"https:\/\/www.salaodesign.com.br\/es\/?s={search_term_string}"},"query-input":{"@type":"PropertyValueSpecification","valueRequired":true,"valueName":"search_term_string"}}],"inLanguage":"es"}]}},"_links":{"self":[{"href":"https:\/\/www.salaodesign.com.br\/es\/wp-json\/wp\/v2\/slider\/1751","targetHints":{"allow":["GET"]}}],"collection":[{"href":"https:\/\/www.salaodesign.com.br\/es\/wp-json\/wp\/v2\/slider"}],"about":[{"href":"https:\/\/www.salaodesign.com.br\/es\/wp-json\/wp\/v2\/types\/slider"}],"wp:attachment":[{"href":"https:\/\/www.salaodesign.com.br\/es\/wp-json\/wp\/v2\/media?parent=1751"}],"curies":[{"name":"wp","href":"https:\/\/api.w.org\/{rel}","templated":true}]}}

Finalistas de la Primera Fase del Premio Salão de Diseño 2025

<!-- This site is optimized with the Yoast SEO plugin v28.3 - https://yoast.com/product/yoast-seo-wordpress/ -->
<title>Finalistas de la Primera Fase del Premio Salão de Diseño 2025 - Salão Design</title>
<meta name="description" content="Ya concluyó la primera fase de evaluación del Premio Brasileño de Diseño de Mobiliario, que involucra análisis técnico-funcional. En total, fueron seleccionados 103 productos en las categorías Estudiante y Profesional, cubriendo las cinco categorías que propone el Premio Salão de Diseño. ¡Mira los productos finalistas ahora!" />
<meta name="robots" content="index, follow, max-snippet:-1, max-image-preview:large, max-video-preview:-1" />
<link rel="canonical" href="https://www.salaodesign.com.br/es/slider/finalistas-de-la-primera-fase-del-premio-salao-de-diseno-2025/" />
<meta property="og:locale" content="es_ES" />
<meta property="og:type" content="article" />
<meta property="og:title" content="Finalistas de la Primera Fase del Premio Salão de Diseño 2025 - Salão Design" />
<meta property="og:description" content="Ya concluyó la primera fase de evaluación del Premio Brasileño de Diseño de Mobiliario, que involucra análisis técnico-funcional. En total, fueron seleccionados 103 productos en las categorías Estudiante y Profesional, cubriendo las cinco categorías que propone el Premio Salão de Diseño. ¡Mira los productos finalistas ahora!" />
<meta property="og:url" content="https://www.salaodesign.com.br/es/slider/finalistas-de-la-primera-fase-del-premio-salao-de-diseno-2025/" />
<meta property="og:site_name" content="Salão Design" />
<meta property="article:modified_time" content="2024-09-23T14:19:04+00:00" />
<meta name="twitter:card" content="summary_large_image" />
<script type="application/ld+json" class="yoast-schema-graph">{"@context":"https:\/\/schema.org","@graph":[{"@type":"WebPage","@id":"https:\/\/www.salaodesign.com.br\/es\/slider\/finalistas-de-la-primera-fase-del-premio-salao-de-diseno-2025\/","url":"https:\/\/www.salaodesign.com.br\/es\/slider\/finalistas-de-la-primera-fase-del-premio-salao-de-diseno-2025\/","name":"Finalistas de la Primera Fase del Premio Salão de Diseño 2025 - Salão Design","isPartOf":{"@id":"https:\/\/www.salaodesign.com.br\/es\/#website"},"datePublished":"2024-09-17T12:00:08+00:00","dateModified":"2024-09-23T14:19:04+00:00","description":"Ya concluyó la primera fase de evaluación del Premio Brasileño de Diseño de Mobiliario, que involucra análisis técnico-funcional. En total, fueron seleccionados 103 productos en las categorías Estudiante y Profesional, cubriendo las cinco categorías que propone el Premio Salão de Diseño. ¡Mira los productos finalistas ahora!","breadcrumb":{"@id":"https:\/\/www.salaodesign.com.br\/es\/slider\/finalistas-de-la-primera-fase-del-premio-salao-de-diseno-2025\/#breadcrumb"},"inLanguage":"es","potentialAction":[{"@type":"ReadAction","target":["https:\/\/www.salaodesign.com.br\/es\/slider\/finalistas-de-la-primera-fase-del-premio-salao-de-diseno-2025\/"]}]},{"@type":"BreadcrumbList","@id":"https:\/\/www.salaodesign.com.br\/es\/slider\/finalistas-de-la-primera-fase-del-premio-salao-de-diseno-2025\/#breadcrumb","itemListElement":[{"@type":"ListItem","position":1,"name":"Início","item":"https:\/\/www.salaodesign.com.br\/es\/"},{"@type":"ListItem","position":2,"name":"Finalistas de la Primera Fase del Premio Salão de Diseño 2025"}]},{"@type":"WebSite","@id":"https:\/\/www.salaodesign.com.br\/es\/#website","url":"https:\/\/www.salaodesign.com.br\/es\/","name":"Salão Design","description":"Salão Design","potentialAction":[{"@type":"SearchAction","target":{"@type":"EntryPoint","urlTemplate":"https:\/\/www.salaodesign.com.br\/es\/?s={search_term_string}"},"query-input":{"@type":"PropertyValueSpecification","valueRequired":true,"valueName":"search_term_string"}}],"inLanguage":"es"}]}</script>
<!-- / Yoast SEO plugin. -->

Finalistas de la Primera Fase del Premio Salão de Diseño 2025 - Salão Design

Ya concluyó la primera fase de evaluación del Premio Brasileño de Diseño de Mobiliario, que involucra análisis técnico-funcional. En total, fueron seleccionados 103 productos en las categorías Estudiante y Profesional, cubriendo las cinco categorías que propone el Premio Salão de Diseño. ¡Mira los productos finalistas ahora!

Salão Design

Início
