{"id":1876,"date":"2024-11-04T05:00:48","date_gmt":"2024-11-04T08:00:48","guid":{"rendered":"https:\/\/www.salaodesign.com.br\/es\/?post_type=slider&#038;p=1876"},"modified":"2026-08-05T15:04:44","modified_gmt":"2026-08-05T18:04:44","slug":"entrega-dos-projetos","status":"publish","type":"slider","link":"https:\/\/www.salaodesign.com.br\/es\/slider\/entrega-dos-projetos\/","title":{"rendered":"Banners diversos"},"content":{"rendered":"","protected":false},"featured_media":0,"template":"","meta":{"_links_to":"","_links_to_target":""},"class_list":["post-1876","slider","type-slider","status-publish","hentry"],"yoast_head":"<!-- This site is optimized with the Yoast SEO plugin v28.3 - https:\/\/yoast.com\/product\/yoast-seo-wordpress\/ -->\n<title>Banners diversos - Sal\u00e3o Design<\/title>\n<meta name=\"description\" content=\"Todos los proyectos aprobados en la 1\u00aa etapa son considerados finalistas y concurren al Premio Especial Voto Popular \u2013 que cuenta con la participaci\u00f3n del p\u00fablico. El per\u00edodo de votaci\u00f3n ser\u00e1 de 24\/09 a 13\/12 de 2024 por el sitio web de la premiaci\u00f3n (salaodesign.com.br). En esta edici\u00f3n ser\u00e1n dos contemplados: un profesional y un estudiante.\" \/>\n<meta name=\"robots\" content=\"index, follow, max-snippet:-1, max-image-preview:large, max-video-preview:-1\" \/>\n<link rel=\"canonical\" href=\"https:\/\/www.salaodesign.com.br\/es\/slider\/entrega-dos-projetos\/\" \/>\n<meta property=\"og:locale\" content=\"es_ES\" \/>\n<meta property=\"og:type\" content=\"article\" \/>\n<meta property=\"og:title\" content=\"Banners diversos - Sal\u00e3o Design\" \/>\n<meta property=\"og:description\" content=\"Todos los proyectos aprobados en la 1\u00aa etapa son considerados finalistas y concurren al Premio Especial Voto Popular \u2013 que cuenta con la participaci\u00f3n del p\u00fablico. El per\u00edodo de votaci\u00f3n ser\u00e1 de 24\/09 a 13\/12 de 2024 por el sitio web de la premiaci\u00f3n (salaodesign.com.br). En esta edici\u00f3n ser\u00e1n dos contemplados: un profesional y un estudiante.\" \/>\n<meta property=\"og:url\" content=\"https:\/\/www.salaodesign.com.br\/es\/slider\/entrega-dos-projetos\/\" \/>\n<meta property=\"og:site_name\" content=\"Sal\u00e3o Design\" \/>\n<meta property=\"article:modified_time\" content=\"2026-08-05T18:04:44+00:00\" \/>\n<meta name=\"twitter:card\" content=\"summary_large_image\" \/>\n<script type=\"application\/ld+json\" class=\"yoast-schema-graph\">{\"@context\":\"https:\\\/\\\/schema.org\",\"@graph\":[{\"@type\":\"WebPage\",\"@id\":\"https:\\\/\\\/www.salaodesign.com.br\\\/es\\\/slider\\\/entrega-dos-projetos\\\/\",\"url\":\"https:\\\/\\\/www.salaodesign.com.br\\\/es\\\/slider\\\/entrega-dos-projetos\\\/\",\"name\":\"Banners diversos - Sal\u00e3o Design\",\"isPartOf\":{\"@id\":\"https:\\\/\\\/www.salaodesign.com.br\\\/es\\\/#website\"},\"datePublished\":\"2024-11-04T08:00:48+00:00\",\"dateModified\":\"2026-08-05T18:04:44+00:00\",\"description\":\"Todos los proyectos aprobados en la 1\u00aa etapa son considerados finalistas y concurren al Premio Especial Voto Popular \u2013 que cuenta con la participaci\u00f3n del p\u00fablico. El per\u00edodo de votaci\u00f3n ser\u00e1 de 24\\\/09 a 13\\\/12 de 2024 por el sitio web de la premiaci\u00f3n (salaodesign.com.br). En esta edici\u00f3n ser\u00e1n dos contemplados: un profesional y un estudiante.\",\"breadcrumb\":{\"@id\":\"https:\\\/\\\/www.salaodesign.com.br\\\/es\\\/slider\\\/entrega-dos-projetos\\\/#breadcrumb\"},\"inLanguage\":\"es\",\"potentialAction\":[{\"@type\":\"ReadAction\",\"target\":[\"https:\\\/\\\/www.salaodesign.com.br\\\/es\\\/slider\\\/entrega-dos-projetos\\\/\"]}]},{\"@type\":\"BreadcrumbList\",\"@id\":\"https:\\\/\\\/www.salaodesign.com.br\\\/es\\\/slider\\\/entrega-dos-projetos\\\/#breadcrumb\",\"itemListElement\":[{\"@type\":\"ListItem\",\"position\":1,\"name\":\"In\u00edcio\",\"item\":\"https:\\\/\\\/www.salaodesign.com.br\\\/es\\\/\"},{\"@type\":\"ListItem\",\"position\":2,\"name\":\"Banners diversos\"}]},{\"@type\":\"WebSite\",\"@id\":\"https:\\\/\\\/www.salaodesign.com.br\\\/es\\\/#website\",\"url\":\"https:\\\/\\\/www.salaodesign.com.br\\\/es\\\/\",\"name\":\"Sal\u00e3o Design\",\"description\":\"Sal\u00e3o Design\",\"potentialAction\":[{\"@type\":\"SearchAction\",\"target\":{\"@type\":\"EntryPoint\",\"urlTemplate\":\"https:\\\/\\\/www.salaodesign.com.br\\\/es\\\/?s={search_term_string}\"},\"query-input\":{\"@type\":\"PropertyValueSpecification\",\"valueRequired\":true,\"valueName\":\"search_term_string\"}}],\"inLanguage\":\"es\"}]}<\/script>\n<!-- \/ Yoast SEO plugin. -->","yoast_head_json":{"title":"Banners diversos - Sal\u00e3o Design","description":"Todos los proyectos aprobados en la 1\u00aa etapa son considerados finalistas y concurren al Premio Especial Voto Popular \u2013 que cuenta con la participaci\u00f3n del p\u00fablico. El per\u00edodo de votaci\u00f3n ser\u00e1 de 24\/09 a 13\/12 de 2024 por el sitio web de la premiaci\u00f3n (salaodesign.com.br). En esta edici\u00f3n ser\u00e1n dos contemplados: un profesional y un estudiante.","robots":{"index":"index","follow":"follow","max-snippet":"max-snippet:-1","max-image-preview":"max-image-preview:large","max-video-preview":"max-video-preview:-1"},"canonical":"https:\/\/www.salaodesign.com.br\/es\/slider\/entrega-dos-projetos\/","og_locale":"es_ES","og_type":"article","og_title":"Banners diversos - Sal\u00e3o Design","og_description":"Todos los proyectos aprobados en la 1\u00aa etapa son considerados finalistas y concurren al Premio Especial Voto Popular \u2013 que cuenta con la participaci\u00f3n del p\u00fablico. El per\u00edodo de votaci\u00f3n ser\u00e1 de 24\/09 a 13\/12 de 2024 por el sitio web de la premiaci\u00f3n (salaodesign.com.br). En esta edici\u00f3n ser\u00e1n dos contemplados: un profesional y un estudiante.","og_url":"https:\/\/www.salaodesign.com.br\/es\/slider\/entrega-dos-projetos\/","og_site_name":"Sal\u00e3o Design","article_modified_time":"2026-08-05T18:04:44+00:00","twitter_card":"summary_large_image","schema":{"@context":"https:\/\/schema.org","@graph":[{"@type":"WebPage","@id":"https:\/\/www.salaodesign.com.br\/es\/slider\/entrega-dos-projetos\/","url":"https:\/\/www.salaodesign.com.br\/es\/slider\/entrega-dos-projetos\/","name":"Banners diversos - Sal\u00e3o Design","isPartOf":{"@id":"https:\/\/www.salaodesign.com.br\/es\/#website"},"datePublished":"2024-11-04T08:00:48+00:00","dateModified":"2026-08-05T18:04:44+00:00","description":"Todos los proyectos aprobados en la 1\u00aa etapa son considerados finalistas y concurren al Premio Especial Voto Popular \u2013 que cuenta con la participaci\u00f3n del p\u00fablico. El per\u00edodo de votaci\u00f3n ser\u00e1 de 24\/09 a 13\/12 de 2024 por el sitio web de la premiaci\u00f3n (salaodesign.com.br). En esta edici\u00f3n ser\u00e1n dos contemplados: un profesional y un estudiante.","breadcrumb":{"@id":"https:\/\/www.salaodesign.com.br\/es\/slider\/entrega-dos-projetos\/#breadcrumb"},"inLanguage":"es","potentialAction":[{"@type":"ReadAction","target":["https:\/\/www.salaodesign.com.br\/es\/slider\/entrega-dos-projetos\/"]}]},{"@type":"BreadcrumbList","@id":"https:\/\/www.salaodesign.com.br\/es\/slider\/entrega-dos-projetos\/#breadcrumb","itemListElement":[{"@type":"ListItem","position":1,"name":"In\u00edcio","item":"https:\/\/www.salaodesign.com.br\/es\/"},{"@type":"ListItem","position":2,"name":"Banners diversos"}]},{"@type":"WebSite","@id":"https:\/\/www.salaodesign.com.br\/es\/#website","url":"https:\/\/www.salaodesign.com.br\/es\/","name":"Sal\u00e3o Design","description":"Sal\u00e3o Design","potentialAction":[{"@type":"SearchAction","target":{"@type":"EntryPoint","urlTemplate":"https:\/\/www.salaodesign.com.br\/es\/?s={search_term_string}"},"query-input":{"@type":"PropertyValueSpecification","valueRequired":true,"valueName":"search_term_string"}}],"inLanguage":"es"}]}},"_links":{"self":[{"href":"https:\/\/www.salaodesign.com.br\/es\/wp-json\/wp\/v2\/slider\/1876","targetHints":{"allow":["GET"]}}],"collection":[{"href":"https:\/\/www.salaodesign.com.br\/es\/wp-json\/wp\/v2\/slider"}],"about":[{"href":"https:\/\/www.salaodesign.com.br\/es\/wp-json\/wp\/v2\/types\/slider"}],"wp:attachment":[{"href":"https:\/\/www.salaodesign.com.br\/es\/wp-json\/wp\/v2\/media?parent=1876"}],"curies":[{"name":"wp","href":"https:\/\/api.w.org\/{rel}","templated":true}]}}

<!-- This site is optimized with the Yoast SEO plugin v28.3 - https://yoast.com/product/yoast-seo-wordpress/ -->
<title>Banners diversos - Salão Design</title>
<meta name="description" content="Todos los proyectos aprobados en la 1ª etapa son considerados finalistas y concurren al Premio Especial Voto Popular – que cuenta con la participación del público. El período de votación será de 24/09 a 13/12 de 2024 por el sitio web de la premiación (salaodesign.com.br). En esta edición serán dos contemplados: un profesional y un estudiante." />
<meta name="robots" content="index, follow, max-snippet:-1, max-image-preview:large, max-video-preview:-1" />
<link rel="canonical" href="https://www.salaodesign.com.br/es/slider/entrega-dos-projetos/" />
<meta property="og:locale" content="es_ES" />
<meta property="og:type" content="article" />
<meta property="og:title" content="Banners diversos - Salão Design" />
<meta property="og:description" content="Todos los proyectos aprobados en la 1ª etapa son considerados finalistas y concurren al Premio Especial Voto Popular – que cuenta con la participación del público. El período de votación será de 24/09 a 13/12 de 2024 por el sitio web de la premiación (salaodesign.com.br). En esta edición serán dos contemplados: un profesional y un estudiante." />
<meta property="og:url" content="https://www.salaodesign.com.br/es/slider/entrega-dos-projetos/" />
<meta property="og:site_name" content="Salão Design" />
<meta property="article:modified_time" content="2026-08-05T18:04:44+00:00" />
<meta name="twitter:card" content="summary_large_image" />
<script type="application/ld+json" class="yoast-schema-graph">{"@context":"https:\/\/schema.org","@graph":[{"@type":"WebPage","@id":"https:\/\/www.salaodesign.com.br\/es\/slider\/entrega-dos-projetos\/","url":"https:\/\/www.salaodesign.com.br\/es\/slider\/entrega-dos-projetos\/","name":"Banners diversos - Salão Design","isPartOf":{"@id":"https:\/\/www.salaodesign.com.br\/es\/#website"},"datePublished":"2024-11-04T08:00:48+00:00","dateModified":"2026-08-05T18:04:44+00:00","description":"Todos los proyectos aprobados en la 1ª etapa son considerados finalistas y concurren al Premio Especial Voto Popular – que cuenta con la participación del público. El período de votación será de 24\/09 a 13\/12 de 2024 por el sitio web de la premiación (salaodesign.com.br). En esta edición serán dos contemplados: un profesional y un estudiante.","breadcrumb":{"@id":"https:\/\/www.salaodesign.com.br\/es\/slider\/entrega-dos-projetos\/#breadcrumb"},"inLanguage":"es","potentialAction":[{"@type":"ReadAction","target":["https:\/\/www.salaodesign.com.br\/es\/slider\/entrega-dos-projetos\/"]}]},{"@type":"BreadcrumbList","@id":"https:\/\/www.salaodesign.com.br\/es\/slider\/entrega-dos-projetos\/#breadcrumb","itemListElement":[{"@type":"ListItem","position":1,"name":"Início","item":"https:\/\/www.salaodesign.com.br\/es\/"},{"@type":"ListItem","position":2,"name":"Banners diversos"}]},{"@type":"WebSite","@id":"https:\/\/www.salaodesign.com.br\/es\/#website","url":"https:\/\/www.salaodesign.com.br\/es\/","name":"Salão Design","description":"Salão Design","potentialAction":[{"@type":"SearchAction","target":{"@type":"EntryPoint","urlTemplate":"https:\/\/www.salaodesign.com.br\/es\/?s={search_term_string}"},"query-input":{"@type":"PropertyValueSpecification","valueRequired":true,"valueName":"search_term_string"}}],"inLanguage":"es"}]}</script>
<!-- / Yoast SEO plugin. -->

Banners diversos - Salão Design

Todos los proyectos aprobados en la 1ª etapa son considerados finalistas y concurren al Premio Especial Voto Popular – que cuenta con la participación del público. El período de votación será de 24/09 a 13/12 de 2024 por el sitio web de la premiación (salaodesign.com.br). En esta edición serán dos contemplados: un profesional y un estudiante.

Salão Design

Início
